Let h(c) = c**2 - c + 2. Let b(j) = -j**2 + 7*j - 5. Let y be b(6). Let n be (-2 - -5) + -4 + y. Let d be h(n). Let a(s) = -s**2 - 2. What is a(d)?
-6
Let f(b) = -b**3 - 7*b**2 - 5*b + 4. Let h be (-2 + 2)/(0 - 2). Suppose h = -2*i + i - 6. Determine f(i).
-2
Let m be (-3 - -3 - -6) + -4. Let o(d) = -6*d + 1. Give o(m).
-11
Let o(f) = 4 + 8*f + 10*f - 2 - 15*f. Determine o(-6).
-16
Let b(v) be the second derivative of 0 - 4*v + 1/6*v**3 - 3/2*v**2. What is b(5)?
2
Let v(p) be the third derivative of -p**4/12 - 2*p**3/3 + 10*p**2. Calculate v(-6).
8
Let k(t) = 6*t**3 + t**2 - t. Let h(c) = c**2 + c + 4. Let z be h(0). Let o = -3 + z. Determine k(o).
6
Let x(l) = -2*l**2 - l - 5. Let u(o) = -o**2. Let j(m) = 3*u(m) - x(m). Let a be 98/6 + (-1)/3. Suppose a = h + 3*h. Give j(h).
-7
Suppose 4*c - 1 = 11. Let k = c + 2. Suppose n + k = 2*n. Let s(v) = -v - 2. Give s(n).
-7
Let y(p) be the third derivative of p**8/6720 - p**7/420 + p**6/120 - p**5/60 - 5*p**4/24 + 5*p**2. Let s(n) be the second derivative of y(n). What is s(5)?
3
Let z = -2 - -4. Suppose z*m + 31 = 4*c - m, 2*c - 16 = 2*m. Let g(y) = -5 + y**2 - 4*y + 3 + c. What is g(4)?
5
Let m(k) = -2*k**2 - 5*k + k**2 + 3*k + 2. Let f(q) = -10*q**2 - 14 + 6 - 2*q**3 - 8*q + 19 + q**3. Let z be f(-9). Determine m(z).
-6
Let i(z) be the second derivative of -z**2 - 1/6*z**3 - 3*z + 0. Calculate i(-3).
1
Suppose 2*g - 5*j - 26 = -4*j, 4*g = -2*j + 68. Let z = g - 11. Let n(v) = -v**3 + 3*v**2 + 2*v + 3. Give n(z).
-5
Let z(i) = -3*i**2 + 4*i + 1. Let c(p) = 7*p**2 - 9*p - 3. Let t(f) = -2*c(f) - 5*z(f). Let g(y) = -y**2 - y + 2. Let q = 2 + -2. Let r be g(q). What is t(r)?
1
Let l(x) be the third derivative of -x**8/6720 + x**6/360 + x**5/30 + x**2. Let q(a) be the third derivative of l(a). Calculate q(-2).
-10
Let k(w) = w**2 - 10*w + 9. Let b be k(9). Let t = 8 - 5. Let y(u) = -t + u + 4 + b. Give y(-3).
-2
Suppose -3*r = 2*h - 13, -r + h + 7 = -h. Let j(a) = a**2 - 8*a + 7. Calculate j(r).
-8
Suppose -9 = -3*f - 0. Let a(n) = n**2 - n**f + 29*n - 29*n. Determine a(2).
-4
Let a(c) be the second derivative of 3*c - 3*c**2 + 0 + 1/3*c**3. Give a(5).
4
Let r = 13 - 11. Let i(q) be the third derivative of 0*q + 0 - q**r - 1/60*q**5 + 1/6*q**4 - 2/3*q**3. Calculate i(5).
-9
Let i(c) be the third derivative of -c**4/8 + c**3/2 - 8*c**2. Calculate i(3).
-6
Let r(t) = 2*t + 14. Suppose 4 = z, 3*m = 3*z - 36 - 6. Determine r(m).
-6
Let i(m) = -3*m - m**2 - 5*m - 3 + 0*m. Let p = -16 - -18. Suppose 0 = -0*w + p*w + 12. Calculate i(w).
9
Let q(b) be the second derivative of -b**5/20 - b**4/3 + 7*b**3/6 + b**2/2 + 3*b. What is q(-5)?
-9
Let k(l) = -11*l - 2 + 6*l + 4*l. What is k(-3)?
1
Let j(w) be the second derivative of -w**3/2 + w**2 + 29*w. What is j(6)?
-16
Let l(c) be the second derivative of c**2 + 1/6*c**3 + 4*c + 0. Determine l(-3).
-1
Suppose -9 = 4*w - 1. Let g = 2 - w. Let a(b) = -4*b**3 + 0*b + 3 - b**3 + 4*b**3 + 2*b + 3*b**2. Give a(g).
-5
Suppose -5*o + 3*m + 1 = 6, 5*o + 2*m = 20. Let u(y) be the first derivative of -5*y + y + 2*y + 3*y + o*y**2 + 2. Give u(1).
5
Let x(g) be the first derivative of 10*g + 1/2*g**2 + 5. What is x(-7)?
3
Let i(u) = -2*u**2 + 27*u - 8. Let y be i(13). Let r(n) = -n + 1. Determine r(y).
-4
Suppose 2*x = -0*x + 10. Let c(z) = 2 - z**2 - x*z + 1 + z. Suppose 2*t - 2 = -0*k - 3*k, -4*t - 16 = k. Calculate c(t).
-2
Let l(c) = 2*c + 0*c + 3 + 2*c**2 + 0. Let p = -9 - 8. Let s = p - -15. Calculate l(s).
7
Let p(l) = l - 2. Suppose 7*h = 11*h + 396. Let q be (-4)/(-22) - 279/h. Give p(q).
1
Let y(s) = s**3 + s**2. Let x be y(-1). Let d(a) = x*a**2 + 1 - a**2 + 0*a**3 + a**3. Let b(c) = c**3 + 3*c**2 - 6*c - 10. Let m be b(-4). Calculate d(m).
-11
Let a(q) = -7 - 2 + 5 + 2*q**2 - q**2. What is a(0)?
-4
Let r(l) = 2*l + 4. Suppose -12*d - 5 = -11*d. Give r(d).
-6
Let v be (4/6)/((-1)/9). Let o(z) = 8 + 9 + z + 9 - 19. Give o(v).
1
Let u(p) = -p - 149 + 164 + 3*p + 0*p. Calculate u(-7).
1
Let f(x) = -6*x**2 + 7*x + 9. Let c(u) = -5*u**2 + 7*u + 8. Let d(b) = 5*c(b) - 4*f(b). Determine d(7).
4
Let v be 2/(-3) - (-22)/33. Let k(d) = -16*d - 39. Let z(w) = 3*w + 8. Let l(b) = 2*k(b) + 11*z(b). Determine l(v).
10
Let d = -3 + 6. Suppose -3*r - l = -9 - d, -5*r + 34 = -3*l. Let s(g) = -2 - 3*g + g**2 + g + r*g. Calculate s(-4).
2
Let m(j) be the first derivative of -1/3*j**3 - 3 + 3*j**2 - 2*j. Give m(5).
3
Let z(w) = -w**2 + 3*w - 4. Let f(g) = -4*g - 1. Let l be f(-1). Suppose -4*s + 3 = -l*s. What is z(s)?
-4
Let t(r) = -r + 1. Let c(u) = 5*u - 1. Let k be c(1). Give t(k).
-3
Let w(j) = -j**3 + j**2 + j. Let y = 16 - 17. Calculate w(y).
1
Let v(c) = -c**3 + 3*c**2 - c - 2. Let r(i) = i**3 - 7*i**2 + 8*i - 9. Let m be r(6). Suppose -8 = -s - d, -m*s + 3*d = 2 + 4. Calculate v(s).
-5
Let f(a) = -4 - 13*a + 36*a - 7*a - 15*a. Give f(0).
-4
Let o = 51 + -52. Let b(k) = -k**3 - 3*k**2 - k. Determine b(o).
-1
Let t(j) = -j**2 + 7*j + 6. Let v be t(7). Suppose -2*h + 6 = 2*b, 0*b - 2*b - 4*h = -v. Let z(u) = -u + 3. Calculate z(b).
0
Let h = -1 - -5. Let w(z) be the first derivative of z**2/2 - 5*z + 2. Determine w(h).
-1
Let h(s) = -5*s**2 - 5 - 9 + 7 - s**3. Determine h(-5).
-7
Let l(f) = -f**3 + 5*f**2 - 4*f - 3. Suppose -x + 1 = -25. Suppose -2*j - x = -4*w, -w + 0*w + 5*j = -29. What is l(w)?
-3
Let j(a) = 2*a**2 - 4*a + 3. Let g = -15 - -20. Suppose s = -g*r + 7 + 1, r = 2*s + 6. Give j(r).
3
Let b(s) = 6*s - 8 + 3 - 2. Suppose 0 = -a - 0*a - 6. Let z(i) = -7*i + 8. Let w(v) = a*b(v) - 5*z(v). Give w(4).
-2
Let a be (-4)/(-20) - 48/(-10). Suppose 0 = -8*s + a*s + 3. Let i(r) = -r + s - 1 - 2*r**2. What is i(-2)?
-6
Let f(q) = -5*q**3 + 2*q**2 - 4*q - 4. Let a(o) = -6*o**3 + o**2 - 5*o - 5. Let s(b) = 4*a(b) - 5*f(b). Let c = -5 + 11. Calculate s(c).
0
Let g(t) = -t + 2. Let p = 14 - 15. Let h = 2 - 1. Let o = p - h. Give g(o).
4
Let h be ((-4)/3)/(-2 - (-14)/6). Let m(f) = -6*f + 4. What is m(h)?
28
Let q(m) be the second derivative of 0*m**2 + 0*m**3 + 0*m**5 - 1/6*m**4 + m + 0 + 1/144*m**6. Let g(j) be the third derivative of q(j). Give g(-1).
-5
Let x(u) = -u**3 - 13*u**2 - 14*u - 18. Let j be x(-12). Let o(v) = 7*v**2 - v**3 - v**2 - 4 + 1. Determine o(j).
-3
Let b be ((-3)/9)/(6/90). Let w(d) = -6*d - 7. Give w(b).
23
Let o(h) be the first derivative of h**6/40 + h**4/24 - h**2/2 - 3. Let d(c) be the second derivative of o(c). Determine d(1).
4
Let c(b) = -b**2 + 9*b - 4. Suppose 5*g + 21 = 6. Suppose -q + 0 = 1. Let l(n) = -n + 1. Let k(j) = g*l(j) + q*c(j). Give k(4).
-7
Suppose l + 0 - 1 = 0. Let j(a) = -1. Let c(q) = -q**2 - q - 2. Let y(u) = c(u) - 3*j(u). Give y(l).
-1
Suppose 0 = -5*o + 2*o + 6. Let v(g) be the first derivative of g**4/2 - g**3 + g**2 + g - 1. Calculate v(o).
9
Let q(o) = 2*o**2 - 4*o - 1. Suppose 4*x - 4 = 4*n, 4*x + n - 2*n + 2 = 0. Let c be -3 + 1/(x/(-6)). Give q(c).
5
Suppose 3*l - 6 = 5*l. Let u(o) = -3 - 4*o + 5*o**2 + o**3 + 1 - 4*o**2. What is u(l)?
-8
Let n = 118 + -112. Let k(d) = d**2 - 4*d - 2. What is k(n)?
10
Let n(u) = -5 + 18 - 7 - 4*u - u**2 - 7. Suppose 6*x - 2*x + 36 = 0. Let c be 2/9 - (-47)/x. Give n(c).
-6
Let x(w) = -w**2 - w + 1. Let y(m) = 2*m**2 - 2*m - 3. Let s(i) = -x(i) - y(i). What is s(4)?
-2
Let a(k) = 2*k**2 - 1. Let n be a(-1). Let j(h) = -6*h**2 - n - h**3 - 2*h + 1 + 3. Determine j(-5).
-12
Let s(w) = 11*w - 6*w + w**3 - 6*w**2 + 3 - w. Determine s(5).
-2
Let f(b) = -b**3 + 6*b**2 - 4*b - 4. Let q be f(5). Let d(t) = 2*t + 3*t**2 - 5*t + 0 - 1 + 5*t. Give d(q).
4
Let j(u) be the first derivative of u**5/120 + 7*u**4/24 - 2*u**3/3 - 3. Let k(s) be the third derivative of j(s). Calculate k(-5).
2
Let o(g) = -g**3 + 3*g**2 + 4*g - 2. Let r(k) = k - 1. Let n be 2 + -4*1/(-2). Let m be r(n). Determine o(m).
10
Let i(m) = -m**2 + 3*m - 1. Let k(p) = p**3 + 6*p**2 + 8*p + 19. Let f be k(-5). Calculate i(f).
-5
Let l(a) be the second derivative of a**4/12 - a**3/6 - 11*a**2/2 - 50*a. Calculate l(0).
-11
Let w(h) = h**3 + 5*h**2 + 2*h - 1. Let i = -16 + 11. Determine w(i).
-11
Let r be -2*(-2)/(-1) - 0. Let v(f) = f + 9. Let h(z) = z + 10. Let p be (-21)/(-4) + 4/(-16). Let g(w) = p*v(w) + r*h(w). What is g(-4)?
1
Suppose -14*y = 3*y - 68. Let h(f) = f**3 - 5*f**2 + 4*f - 1. What is h(y)?
-1
Let o(n) = -n**3 - 8*